highest common divisor of y and 32.
8
Suppose -3*z + 41 = -31. Let x = -246 - -348. Suppose -30 + x = 6*v. What is the highest common divisor of v and z?
12
Let d = 1488 + -980. What is the highest common factor of 8 and d?
4
Suppose 32*r = 376 + 520. What is the highest common divisor of 154 and r?
14
Let u(c) = -46*c + 294. Let z be u(6). Let x = -3 - -5. What is the highest common divisor of z and x?
2
Suppose -2*z = 2*z. Let q(v) = 2*v**2 + 0*v**2 - 2*v - 4*v + z*v**2. Let d be q(4). What is the highest common factor of 40 and d?
8
Let g(n) = 3*n - 4. Let c be g(2). Suppose z = c*z. Suppose z = 2*q + 26 - 306. Calculate the greatest common divisor of 28 and q.
28
Let c(n) = n**3 + 18*n**2 + n + 21. Let f be c(-18). Let x be 56/f*(-3)/(-2). What is the greatest common factor of x and 4?
4
Let b = -15 + 27. Let i(g) = -g**3 + 11*g**2 + 13*g - 9. Let f be i(b). Let t be -5*(f + (-63)/15). What is the highest common divisor of 42 and t?
6
Suppose -14*y = -564 - 220. What is the highest common divisor of y and 72?
8
Let j(w) = 4*w**2 - w - 3. Let p be j(2). Suppose 4*g + 756 = p*g. Calculate the highest common divisor of 36 and g.
36
Let b(s) = s + 16. Let z be b(-11). Suppose z*g + 10 = 75. What is the highest common divisor of g and 13?
13
Suppose 38*o + 44 = 60*o. Let f(i) = i**3 - 2*i**2 + i. Let c be f(3). What is the highest common divisor of o and c?
2
Suppose -2*a + 96 = 4*y, -2*a = -12*y + 9*y - 68. Suppose -3*v = -i - 7, 9*v - 4*v = -4*i + 57. What is the greatest common divisor of a and i?
8
Let h(n) = -n**2 + 12*n + 28. Suppose -3*w - 69 = -5*j, -12 = w + 3*w. Let q be h(j). What is the highest common divisor of 56 and q?
28
Let b(j) = -j**2 - 2*j + 2. Let i be b(0). Suppose h - 19 = -i*d + 5*d, -4*d = h + 16. What is the greatest common factor of 4 and h?
4
Let m be 9/(-3) + (290 - -7 - -6). Calculate the greatest common factor of 36 and m.
12
Let s be 8/2*(-8 + 2). Let w be (s - 2)/(0 - 1). What is the highest common divisor of w and 26?
26
Let a = 193 - -7. What is the greatest common divisor of 8 and a?
8
Let k = 88 + -16. Suppose k = 6*t - 18. What is the greatest common divisor of 15 and t?
15
Suppose 0 = -2*o + 4*o - 10. Let t(d) = -d**2 - 25. Let c be t(0). Let h = 10 - c. What is the highest common factor of h and o?
5
Let f be (-7)/(((-5)/1)/(-20)). Let h be (f/21)/2*(-126 + 0). What is the greatest common divisor of h and 126?
42
Let p = 213 + 129. Suppose 112*c = 96*c + 608. What is the greatest common divisor of c and p?
38
Suppose 0 = -33*b + 28*b - 135. Let c be (-329)/(-63) - (-6)/b. What is the highest common divisor of 25 and c?
5
Suppose 0 = 29*a - 30*a - 6. Let i = a - -40. What is the greatest common factor of 204 and i?
34
Suppose 522 = 3*k - 2*p, 3*p + 170 = k + p. Calculate the greatest common factor of 11 and k.
11
Let g(k) = 2*k - 2. Let p be g(-4). Let t = p - -14. Suppose 22 = l + l + x, 2*x = t*l - 44. Calculate the highest common divisor of 121 and l.
11
Let n(w) = -w**3 + 7*w**2 - 2*w + 19. Let l be n(6). Calculate the highest common factor of 344 and l.
43
Let g = -11 + 45. Suppose -2*b = -5*b - 4*t + g, 0 = 5*b - 5*t - 10. Let d be (816/40)/(b/20). What is the highest common divisor of d and 17?
17
Let k(t) = 16*t. Let m be k(1). Suppose 6 = 3*b + 24. Let n be 156/96 + b/(-16). Calculate the greatest common factor of n and m.
2
Let s be (189 + -2 + 1)*8/16. Calculate the highest common divisor of 658 and s.
94
Suppose 155 = 2*r + 2*t - 21, -2*t + 91 = r. Suppose -4*d = -4*n - 116, -2*n + r = 3*d - 4*n. Calculate the highest common factor of d and 3.
3
Let p be (-21)/35 - 96/(-60). Calculate the greatest common divisor of 125 and p.
1
Let q be 89 - (-1 - -2)/(-1). Suppose q = -0*b + 3*b - 2*k, 4*b = -5*k + 143. What is the highest common factor of 48 and b?
16
Let q(k) be the second derivative of 11*k**3/3 + 77*k**2/2 - 3*k + 3. Let d be q(6). Let g = 30 + -11. Calculate the highest common factor of g and d.
19
Let d = -106 + 5. Let f = -1 - d. Calculate the greatest common factor of f and 40.
20
Let o = -31 - -33. Suppose 0 = -3*i + o*i + 4. What is the greatest common divisor of 4 and i?
4
Let b be 6 + (3 + 2)*4/(-5). Suppose 2*d + 31 = 5*d + 4*r, -d - 3 = -b*r. What is the greatest common divisor of d and 60?
5
Let d be (-2514)/(-21) + 4/14. Suppose -3*m = m. Suppose -2*p + m*i + i = -44, 0 = -5*p - 5*i + 140. Calculate the highest common divisor of p and d.
24
Let m = 803 + -784. What is the greatest common factor of 304 and m?
19
Suppose 9*m - 3747 = 15. What is the greatest common factor of 57 and m?
19
Let f = -954 - -956. Calculate the highest common divisor of f and 13.
1
Let a = -21 - -38. Let w = 3 + 10. Suppose w = u - a. Calculate the highest common factor of u and 10.
10
Suppose 4*w + 14 = f, w - 16 = 5*w. Let q = f + 7. Suppose 5*z = q*i - 64 - 26, i = 2*z + 22. Calculate the highest common divisor of i and 42.
14
Let g be ((-375)/(-100))/(6/256). What is the greatest common divisor of g and 416?
32
Let u = -37 - -43. Let o be (-1)/u + (-34700)/(-120). Calculate the highest common divisor of o and 17.
17
Let p be ((-666)/5)/((-46)/115). What is the highest common factor of p and 9?
9
Let a be (8/12)/(8/6 + (-120)/92). Let b be 2/3 - (-205)/3. What is the greatest common factor of b and a?
23
Suppose -89*l + 126 = -86*l. Suppose 19*s + l = 22*s. Calculate the highest common divisor of 35 and s.
7
Let z be -8*(-72)/(-16)*14/(-4). Suppose x - 8*x + z = 0. Calculate the greatest common factor of x and 6.
6
Let m(z) = -z**2 + 8*z + 4. Let p be m(8). Suppose -8*k = -p*k - 128. What is the greatest common factor of 256 and k?
32
Let x(y) = -y**2 + 10*y + 6. Let p be x(5). What is the greatest common divisor of 496 and p?
31
Suppose 5*o = 5*o - 3*o. Let q = 7 - o. Suppose 48 + 15 = 3*x. What is the highest common divisor of x and q?
7
Let r be 1*2/2 + 583 + -8. Suppose 13*o + r = 29*o. Calculate the highest common factor of o and 3.
3
Suppose -3*s + 6*o - 7 = 2*o, 4*s - 20 = -2*o. Let g(b) = 8*b**2 - 8*b. Let f be g(s). Calculate the greatest common divisor of 24 and f.
24
Let l(h) = 36*h - 27. Let k be l(25). Calculate the greatest common divisor of 9 and k.
9
Suppose -2 = -4*a + 6. Let i(k) = 74 + 10 - 5*k - k**a + 6*k. Let x be i(0). What is the highest common divisor of 12 and x?
12
Let j(w) = w + 43. Let z be j(0). Suppose 0 = 5*k + 2*h - z - 16, 4*h = 8. Calculate the greatest common factor of 77 and k.
11
Let i(u) = -62*u - 20. Let q be i(-2). Let c = 9 + -4. Suppose -y = c*v + 7, -3*y - 5*v = -0*v - 19. What is the highest common factor of q and y?
13
Suppose v + 7 = 3*o - 3*v, 11 = o + 3*v. Suppose o + 0 = t. Calculate the highest common divisor of 40 and t.
5
Suppose -3*v = -0*v - 63. Suppose -5*j = -9*j + 48. Suppose 0 = -16*h + j*h + 84. What is the greatest common divisor of v and h?
21
Let a = -5005 - -5016. Suppose -3*t + t = -12. Let d(r) = r**3 - 4*r**2 - 4*r - 4. Let k be d(t). What is the highest common divisor of a and k?
11
Let g be (-2)/(-20)*1 - (-269622)/180. What is the highest common divisor of 28 and g?
14
Suppose -2*c - 382 - 502 = -4*w, 0 = -4*w - 5*c + 870. Calculate the greatest common divisor of 20 and w.
20
Suppose -2*o - 3*o = -15. Suppose -o = -3*s + 2*s. Suppose 12 = s*t - 0*t. What is the greatest common divisor of t and 36?
4
Let k be -11 - (11 - 6 - 549). Calculate the highest common divisor of 65 and k.
13
Suppose 11*h - 6*h = 5*b + 340, 4*h - 3*b = 267. Suppose d = -d + 14. Calculate the highest common divisor of h and d.
7
Let j(a) = 16*a + 26. Let c be j(-6). Let m = 79 + c. Calculate the highest common factor of m and 117.
9
Let p = -140 - -179. Calculate the highest common divisor of p and 741.
39
Suppose -30*u - 741 = -49*u. Calculate the highest common factor of 52 and u.
13
Let f(m) = -m**3 - 16*m**2 + 16*m + 10. Let a be f(-17). Calculate the greatest common divisor of a and 45.
9
Suppose s - 4*r = 41, -s = -5*s - 5*r + 101. Suppose 5*v = -s + 89. What is the greatest common divisor of 8 and v?
4
Let t = 190 + -136. Suppose -16 - 8 = 4*a. Let o = a + 12. Calculate the highest common divisor of o and t.
6
Suppose -t + 3*v + 162 = -84, 1278 = 5*t + v. Calculate the greatest common divisor of t and 68.
17
Suppose q - 10 = -i, 3*i + 2*q - 5 = 4*